 + 20*q + 21. Let d be (7 + 1)*44/32*-2. Let j be a(d). Suppose -58*k = -j*k + 392. What are the prime factors of k?
2, 7
What are the prime factors of (270 + 1 + -6)*448/20?
2, 7, 53
Let z(x) = x**3 - 13*x**2 - 16*x + 27. Let r be z(14). Let l be 1/(-5) - r*896/(-20). What are the prime factors of (-4485)/l + (-1)/(-3)?
2, 5
Let a = 5287 - -8231. Suppose 0 = -12*z + 9690 + a. Suppose 10*w - 616 - z = 0. List the prime factors of w.
3, 5, 17
Suppose 16 = -4*h, -l - 5*h = -148 - 188. Let c = l + -235. Let w = c - -34. What are the prime factors of w?
5, 31
Suppose 24 = -2*f + 36. Let n be 2/4 - (-7257)/f. Suppose 0 = 11*v - v - n. List the prime factors of v.
11
Let f(d) be the third derivative of -d**5/30 - d**4/12 + 97*d**3/3 - 9*d**2 + 2*d. List the prime factors of f(0).
2, 97
Suppose 2*s - 4*a = -3*a + 21, -2*s - a = -15. Suppose -2*g - 3710 = -s*g. List the prime factors of g.
2, 5, 53
Suppose -1 = -b + 3. Suppose 0 = b*i - 20, g = i - 0 - 2. List the prime factors of ((-9)/(-6))/(g/134).
67
Suppose 0 = 4*t - 2*t - 22. Suppose l = m + 763, -t*l - 1526 = -13*l - 2*m. List the prime factors of l.
7, 109
Let n be (-7950)/5*(-4)/3 - 5. Suppose -3*r + n = -1758. List the prime factors of r.
1291
Let z(r) be the first derivative of 35*r**3 + 28 - r + 1/2*r**2. What are the prime factors of z(1)?
3, 5, 7
Let n be 39/12 + (-4)/16. Suppose t + n*l + 9 = 1, 3*l = 5*t + 94. Let p = t - -167. What are the prime factors of p?
2, 3, 5
Let s = 13381 - -17520. List the prime factors of s.
13, 2377
Suppose 53*z + 133 = 52*z. List the prime factors of z*90/(-12)*(-8)/(-6).
2, 5, 7, 19
Suppose -132*z = -119657 - 73855. List the prime factors of z.
2, 733
Suppose 0 = -2*z - w + 4307 - 973, w + 6656 = 4*z. Suppose -114*p + z = -109*p. List the prime factors of p.
3, 37
Let t = -36 + 32. Let z(m) = 5*m**2 - 6*m - 3. Let b be z(t). Suppose -k - b = -2*a + 4*k, 0 = a + k - 68. What are the prime factors of a?
3, 7
Suppose 5*h = -r + 28389, 4*h - 16390 = -2*r + 6320. List the prime factors of h.
2, 17, 167
Let m(a) = 892*a**2 + 50*a + 41. What are the prime factors of m(-7)?
43399
Let z = 42 + -51. Let g be 3*z/((-135)/(-10)). What are the prime factors of (-158 + -4)*1/4*g?
3
Let t = -64 + -183. Let c = t - -504. List the prime factors of c.
257
Let m(f) = 9*f**2 - 6*f + 1. Let q be m(3). Let i = q + -60. Suppose -150 - 126 = -i*p. What are the prime factors of p?
3, 23
Let m = 14607 + -1553. List the prime factors of m.
2, 61, 107
Let q(s) be the second derivative of 13*s**5/40 - 5*s**4/12 + 3*s**3 - 10*s. Let o(m) be the second derivative of q(m). What are the prime factors of o(3)?
107
Suppose -3*m + 20 = -r, 8 + 4 = m + 5*r. Suppose -m*p = 3*l - 4*p - 411, -l = -5*p - 113. List the prime factors of l.
7, 19
Let x = 240 + -238. List the prime factors of (-31 - -29) + 408/x.
2, 101
Let x(u) = 13*u. Let l be x(-6). Let m = 168 - l. List the prime factors of m.
2, 3, 41
Let b(a) be the first derivative of a**2 + 3*a + 91. Let n = -23 + 35. List the prime factors of b(n).
3
Let h(c) = 6*c**2 - 7 + 0*c**2 - 2*c - 5*c**2. Let b be h(6). Suppose 5*g + b = 2*d - 1, -g = -4. List the prime factors of d.
19
Let d(f) = 151*f**2 - 349*f + 2328. List the prime factors of d(7).
2, 3, 607
Let h(w) = -5706*w + 2143. List the prime factors of h(-3).
11, 17, 103
Suppose -u + n = -69 + 332, 526 = -2*u + 5*n. Let g be u*(0/4 + -1). Suppose -3*y + g = -4*c, c + 189 + 221 = 5*y. List the prime factors of y.
3
Suppose -f + 2*g = -113 - 329, f - 454 = -g. Let x = f + -312. Let b = x + -25. What are the prime factors of b?
113
Let j(i) = -i**3 + 62*i**2 + 532*i - 33. List the prime factors of j(-9).
2, 3, 5, 31
Let q(b) = -2*b**2 - 37*b - 2. Let n(g) = -g**2 + 5*g + 11. Let s = 82 + -74. Let p be n(s). What are the prime factors of q(p)?
3, 47
List the prime factors of (-468)/(-104)*(-18924)/(-9).
2, 3, 19, 83
Let k(p) be the first derivative of -p**6/180 + p**5/60 + 55*p**4/24 - p**3 + 9. Let s(i) be the third derivative of k(i). List the prime factors of s(0).
5, 11
Let k(u) = 675*u - 1759. What are the prime factors of k(24)?
7, 2063
Let b be 12/(-36) + (-16)/(-3). Suppose 9 = -3*r - 3*j - 2*j, 4*r = -j + b. List the prime factors of (-2)/8 - 313/(-8)*r.
2, 3, 13
Let q = 1265 + 5676. List the prime factors of q.
11, 631
Let d = -262 + 263. List the prime factors of 268 + d - (-21)/(168/32).
3, 7, 13
Suppose 0 = -5*x + v - 22, -6 = 4*x + 8*v - 3*v. What are the prime factors of 40/((-350)/(-87) + x)?
2, 3, 5, 29
Let l(k) = 2*k - 8. Let v be l(5). Let q be v*(-385)/10*(2 - 1). Let h = q + 136. List the prime factors of h.
59
Suppose -9*f - 23 - 4 = 0. Let q be 3/f*-576 + 2/1. Suppose 3*z = 136 + q. What are the prime factors of z?
2, 7, 17
Suppose -3*j - 3*t = -7*t - 8, 0 = 4*j + 3*t + 31. Let m be 0/(0 - j - 5). Suppose -95 = -2*o - 0*o + 5*u, m = -2*o - 5*u + 45. What are the prime factors of o?
5, 7
Suppose -4*x = y - 8458, -5*x + 497 - 467 = 0. List the prime factors of y.
2, 4217
Let c(u) = 20*u + 33. Let o be c(-1). Suppose 5*d - 2324 = -2*t, 4*t - o*d - 4596 = -10*d. What are the prime factors of t?
2, 3
Let t(v) = -232*v - 14. Let y be t(3). Let x = y - -1040. List the prime factors of x.
2, 3, 5, 11
Suppose v - 5*v = -5*a - 29, 2*a = 2*v - 14. Suppose -v*b + 3*b = -9. List the prime factors of (-2 - (-18 + -1)) + b.
2, 5
Let y = 84 + -82. Suppose -141 = 5*r - 696. Suppose 0 = 5*p - y*k - 486, -5*k - r = -5*p + 4*p. What are the prime factors of p?
2, 3
List the prime factors of ((-2)/12*68)/(26/(-24141)).
17, 619
Suppose -l + 10317 = -5*w, -3*l - 2*w + 21763 = -9103. List the prime factors of l.
2, 31, 83
Let r = 10273 - 3904. What are the prime factors of r?
3, 11, 193
Suppose 226184 = 10*h + 18*h. What are the prime factors of h?
2, 7, 577
Let n(s) = 3. Let r(v) = -v**2 - 26. Let l(c) = -3*n(c) - r(c). What are the prime factors of l(21)?
2, 229
Suppose -5*g + 399 = 5*v - 186, -2*v - 4*g + 244 = 0. Suppose 2*h + v = -2*h. Let d = h - -112. What are the prime factors of d?
2, 3, 7
Suppose 0 = 4*l - l - 6. Suppose v = l + 3. Suppose v*w - 111 = 2*w. List the prime factors of w.
37
Suppose 5*d - 20 + 5 = -3*k, 5*d - 5*k = 55. Suppose 83 + 25 = d*f. List the prime factors of (-24 + f)/(2 + 110/(-52)).
2, 13
Let n(j) = 22*j**2 - 8*j - 10. Let c be n(-5). Suppose 5*i - c = 4*i - 3*k, -4*i = -5*k - 2235. List the prime factors of i.
5, 113
List the prime factors of -2*(-10 - -2) + 17377.
17393
Let c(x) = 56*x**3 + x**2 - x - 2. Suppose 5*o = -u + 11, -3 = 3*o - 6*o + 3*u. Let z be c(o). Let t = z - 320. What are the prime factors of t?
2
Suppose 8*z + 9 - 49 = 0. Suppose 3*y - 2449 = -0*y - z*x, 3*y - 2*x = 2456. What are the prime factors of y?
2, 409
Suppose -16*w = -13*w - 126. Let g = w + -38. Suppose 2*s - 215 = -3*j, j + g*j - 15 = 0. List the prime factors of s.
103
Let d(r) = -6*r**2 - 5*r - 4. Let n be d(-3). Let c = n + 33. Let w = 59 - c. List the prime factors of w.
3, 23
Let v = 8 - 5. Suppose 285 = -v*d + 849. Suppose -5*a + t + 152 = 0, -4*a = t - d + 61. What are the prime factors of a?
31
Let v(t) = 3*t - 9. Let s be v(3). Suppose -9*h + 36 + 36 = s. What are the prime factors of (-2*71/(-2))/(2/h)?
2, 71
Let b = 20041 + 18277. What are the prime factors of b?
2, 7, 17, 23
Suppose 3*c - 2*b = -0*c + 59677, -4*c + 79588 = 2*b. What are the prime factors of c?
5, 23, 173
Let c(w) = -w**2 + 6*w + 2. Let d be c(6). Suppose d + 0 = x. Suppose v - j = 139, 419 = x*v + v - j. What are the prime factors of v?
2, 5, 7
Let x = 196 + -191. Suppose -x*g + 767 = 3*o, -2*o - 6*g + 513 = -3*g. What are the prime factors of o?
2, 3, 11
Let w = 8050 + -5777. List the prime factors of w.
2273
Let l be ((-32)/(-12) + 0)*-3. Let x = l - -16. Let w(p) = p**2 - 5*p + 14. What are the prime factors of w(x)?
2, 19
Suppose 10 = 2*u, 5*u = -4*b + 6*u + 5275. Suppose -1072 - b = -2*v. What are the prime factors of v?
2, 13, 23
Let q(k) = 4*k + 48. Let u(g) = -5*g - 24. Let t be u(-6). Suppose -5*b + j + 15 = -15, -3*b = -3*j - t. What are the prime factors of q(b)?
2, 19
Let f(u) = 6*u**3 - 45*u**2 - 30*u + 3. List the prime factors of f(15).
2, 3, 1613
Let q(f) = -11*f - 4*f + 6 + 3 + 20*f. Let u(b) = 7*b**2. Let l be u(1). What are the prime factors of q(l)?
2, 11
Let n(y) = y**3 +